65)/(-34)*(3 - -62)*(-8)/(-12). Let o be ((-2)/(-2))/(3/15). What is the highest common factor of z and o?
5
Let h = -34 - -33. Let i(s) = -3*s**3 - s - 2. Let y be i(h). Suppose -3*x - 6 = -y*n - 17, -4*x - 16 = 5*n. Calculate the greatest common factor of x and 11.
1
Suppose 2*x - 4*h = 2206, 3*h = x - 748 - 349. Calculate the greatest common factor of 5 and x.
5
Let w be 323/(-3)*(19 + -16). Let h = -175 - w. Calculate the highest common divisor of h and 259.
37
Suppose -67*y + 7150 = -7724. Let d be 12/((-2)/1)*-1. Calculate the greatest common factor of y and d.
6
Suppose -50*y + 278 = -422. What is the greatest common factor of y and 1750?
14
Let n = 103 - 77. Let l = 3995 + -3991. What is the greatest common factor of n and l?
2
Let b be (-1 + 31)/((-3)/(-4) + 0). Let g(s) = -s**2 + 11*s**2 + s**3 - 2 - 16*s + 7. Let r be g(-11). Calculate the highest common divisor of b and r.
20
Let i(y) = -13*y - 3. Let h(x) = -4*x**2 - 3*x - 2. Let o be h(-1). Let f be i(o). What is the greatest common divisor of 54 and f?
18
Suppose -2 = 3*o - 5*o. Let g be (2/(-3))/(-2) - 4148/(-102). What is the greatest common divisor of o and g?
1
Suppose -6*r = 2*r. Suppose r = -11*b + 694 + 318. What is the greatest common divisor of 23 and b?
23
Let x be -3*-47*1*1628/(-444). Let c = x - -539. What is the greatest common factor of 10 and c?
2
Let y(q) = -35*q + 2925. Let u be y(77). Calculate the highest common divisor of u and 170.
10
Let t(p) = -12*p - 14. Let c be t(-15). Let y = c - -156. What is the greatest common divisor of y and 14?
14
Let h be 1/(-3) + (-1970)/(-15). Suppose i + 0*g = 5*g + 9, 4*i = g + h. What is the highest common divisor of i and 782?
34
Let o = 43 - 49. Let r be 160/15 - (2 + 14/o). Calculate the greatest common divisor of 55 and r.
11
Let l = 115 - 183. Let i = l + 86. Suppose 84*s + 45 = 89*s. Calculate the greatest common divisor of i and s.
9
Suppose 10*x - 35 = 3*x. Suppose 5*p + 4*y = 45, 2*p - x*y = -0*y - 15. Suppose -8 = -p*j + 57. Calculate the highest common divisor of j and 104.
13
Let h(u) = 3*u**2 + 25*u + 85. Let w be h(-18). Let q = w + -282. Calculate the highest common factor of 13 and q.
13
Suppose 20 = -5*y, -s = 4*s - y - 2189. Suppose 0 = -5*a + 718 + s. Suppose 210 + 21 = 7*j. Calculate the highest common factor of j and a.
33
Let q(d) = d**3 - d**2 + d - 20. Let z be q(0). Let c = -155 + 133. Let l = z - c. What is the highest common divisor of 16 and l?
2
Suppose -2*l - 2*p + 287 = -p, -2*l = -2*p - 290. Calculate the highest common factor of 120 and l.
24
Suppose 11*w = 7*w + 88. Suppose 2*g = 5*t - 50, 4*t + w = -4*g + 62. What is the highest common factor of t and 25?
5
Let o(z) = 3 - 2 - 3 + 4 - z. Let s be o(1). Let r be (13/416*16)/((-2)/(-32)). Calculate the greatest common divisor of r and s.
1
Let j(q) = -8*q + 7*q - 46 + 8*q + 7*q. Let l be j(8). Let b be (-4)/10*(1 + -56). Calculate the highest common factor of l and b.
22
Suppose -80 - 1441 = -13*w. What is the highest common factor of 180 and w?
9
Suppose -4*q - 10 + 26 = 0. Let x be 1196/20 + ((-84)/(-20) - q). Calculate the highest common divisor of 45 and x.
15
Let m be (26/91)/(((-8)/2)/(-84)). Let b be (26 - 21)/(1/m). Calculate the greatest common factor of 1410 and b.
30
Let j(r) = -68*r + 744. Let d be j(10). Calculate the highest common divisor of 288 and d.
32
Let o(j) = 2*j**3 - 4*j**2 - 2*j + 16. Let p(b) = -2*b + 20. Let l be p(8). Let m be o(l). What is the greatest common factor of 54 and m?
18
Suppose 171847 = -5*h + 9047. Let c be 2/(-3) + h/(-330). Calculate the highest common factor of c and 637.
49
Suppose -26 = -3*r + 1. Suppose r*f - 1110 = 3462. Let s be (-8)/12 + -3 + f/6. Calculate the greatest common divisor of s and 27.
27
Suppose 5*w - 2*b - 2278 = 0, -95 + 93 = -2*b. Calculate the highest common factor of w and 399.
57
Let j(f) = f**3 - 60*f**2 - 59*f - 78. Let l be j(61). Let i(v) = v**3 - 4*v**2 + 5*v - 4. Let g be i(4). What is the highest common factor of g and l?
4
Let u(t) = -t**3 - 5*t**2 - 18*t - 63. Let x be u(-6). Let w = x + -53. Calculate the greatest common factor of w and 154.
14
Let x = 114 - 107. Suppose x*k = 13*k - 630. What is the highest common factor of 15 and k?
15
Let s = -141 + 196. Suppose 43*j - s*j = -3864. What is the highest common factor of j and 14?
14
Let v(s) = -s**3 - 8*s**2 - 6*s + 11. Suppose -8*n + 3 = 59. Let h be v(n). Calculate the highest common factor of 16 and h.
4
Let a(t) = 65*t**2 - 43*t - 41. Let h be a(6). Calculate the highest common factor of 13 and h.
13
Let a(b) = b**2 - 2*b + 2. Let l be a(0). Let y(f) = -2*f - f**l - 2*f**2 + 4*f**2 - 9 + 10. Let o be y(-2). What is the highest common divisor of o and 36?
9
Let d = -45 + 110. Let q = -66 + d. Let s be (11 + q + 4)*1. Calculate the greatest common factor of s and 98.
14
Let w(s) = 2*s**2 - 4*s - 20. Let i be 3 + 3/6*0/(-2). Suppose 5 = 5*g, 0 = -i*o + g - 9 + 26. Let b be w(o). Calculate the highest common factor of 42 and b.
14
Suppose -3*l = r, -135*r + 133*r - 4*l + 8 = 0. What is the greatest common factor of 1156 and r?
4
Suppose 4*o - 2*y = -390, 0*o - 4*o - 415 = 3*y. Let q = 102 + o. Let x be (-1)/((7 - q)/(-510)). What is the highest common divisor of x and 34?
34
Suppose -166848 - 219602 = -118*n. What is the greatest common factor of n and 25?
25
Suppose 3*f - 4*s + 9*s = -11, 5*s - 10 = 0. Let a be f - (-12)/3 - -3 - -2. What is the highest common divisor of a and 64?
2
Suppose -3*b + 120 = b. Let u = 25 - b. Let v be 3/(-3)*(u - (0 - 0)). What is the highest common factor of 35 and v?
5
Suppose 0 = 2*q - 4*u - 140, 0 = -5*q + 9*u - 5*u + 320. Let k = 381 + q. Calculate the greatest common divisor of 9 and k.
9
Suppose 156 = 14*t + 100. Suppose -2*z - 450 - 96 = -4*q, t*z = -q + 123. Calculate the highest common factor of 5 and q.
5
Suppose l - 100 = -3*q, l + 84 = 2*q + 6*l. Let c be (2004/8 + 2)*(-4)/5. Let m = c + 218. Calculate the greatest common divisor of q and m.
16
Let h(l) = -l + 1. Let s be h(1). Suppose s = 69*o - 68*o - 8. Let v be ((-4)/2)/(o/(-132)). Calculate the greatest common divisor of 363 and v.
33
Let q be (204/170)/((-15)/(-12100)). Calculate the greatest common divisor of 16 and q.
8
Let s be (6/4)/(75/16450). Let v = 371 - s. What is the highest common divisor of v and 168?
42
Suppose -3*i + 6 = 0, x + 4*i - i - 257 = 0. Suppose -13 - x = -11*n. What is the highest common factor of 456 and n?
24
Let w be (-6)/(-21) - (-615)/(-21). Let f = w + 31. Suppose -f*n - 389 = -5*j - 6*n, -332 = -4*j + 2*n. What is the greatest common factor of 9 and j?
9
Suppose 0 = 130*u - 2417 + 337. Suppose o + 1 = 5. Suppose -34 = -2*d + p, 0 = o*d - 8*p + 4*p - 72. Calculate the greatest common divisor of d and u.
16
Suppose -15*t = -19*t. Suppose t = -6*o - 154 - 344. Let y = -58 - o. Calculate the greatest common divisor of y and 125.
25
Let o = 155 - 134. Let f = o - -39. What is the highest common factor of f and 12?
12
Let i(y) = 229*y**2 + 3*y. Let g be i(1). Let n = -207 + g. What is the greatest common factor of n and 10?
5
Suppose -5*k + 0*t + 64 = -2*t, 4*k = -3*t + 42. Let m = 170 - 167. What is the highest common factor of k and m?
3
Let f(y) = -1 + 6 + 1 + 14*y. Let q be f(2). Let g be (589/(-21) - (-6)/(-21))*-3. What is the highest common divisor of g and q?
17
Let g(h) = -92*h + 476. Let w be g(-5). What is the greatest common factor of w and 2925?
117
Suppose 0 = 25*v - 37*v + 2088. Let l = 514 + -282. What is the highest common divisor of l and v?
58
Suppose 2*n + 4*a = 94, 8*n + 27*a - 244 = 23*a. Let h(r) = -r**3 + 6*r**2 - 3*r - 5. Let l be h(4). Calculate the greatest common factor of n and l.
5
Let f = 1 + 48. Suppose f*d - 27*d - 1606 = 0. What is the greatest common factor of 803 and d?
73
Let h = 5433 - 5418. Calculate the highest common divisor of h and 12315.
15
Suppose 5*n - 4*k - 1543 = 0, 3212 = 10*n + k + 54. Calculate the highest common factor of n and 1440.
45
Let o = 327 + -369. Let g be 1960/o*9/(-4). Calculate the greatest common divisor of 45 and g.
15
Let a be ((-1534)/(-767))/(-3*4/(-16182)). Calculate the highest common divisor of a and 186.
93
Suppose 16402 = 41*v - 14881. What is the highest common factor of 63 and v?
7
Suppose 3545*a - 3520*a - 71